4/(-10). Suppose 3*i - 219 = v. Calculate the greatest common factor of i and 13.
13
Let c(j) = 5*j + 3. Let p be c(3). Let v be 0*(-1 + 6/3). Suppose 4*b = -v*b + 108. Calculate the highest common divisor of p and b.
9
Let b be 12/(-8)*(-56)/6. Calculate the highest common factor of 7 and b.
7
Let w = -5 + 1. Let c be ((-15)/6)/(w/8). What is the greatest common factor of c and 55?
5
Suppose 2*p = 2*i - 26, -5*i - p - 77 = -10*i. What is the greatest common factor of 40 and i?
8
Let b = -16 - -18. Calculate the highest common factor of b and 10.
2
Let b(h) = -6*h - 33. Let c be b(-6). What is the highest common divisor of c and 3?
3
Let a(g) = g**2 + 4*g - 2. Let l be a(-6). Let v = -4 - -20. Suppose 0 = j - 4 - v. Calculate the greatest common factor of j and l.
10
Let d(y) = -y**3 - 4*y**2 - 4*y + 2. Let z be d(-4). Suppose 0 = 5*h - 6*h + 9. Calculate the highest common factor of h and z.
9
Suppose 5*z + 87 = -38. Let d = z + 51. Calculate the highest common divisor of 182 and d.
26
Let w(u) = 17*u + 1. Let v be w(-1). Let b = 23 + v. Let o = -5 + b. What is the greatest common divisor of o and 18?
2
Suppose 2*w + 4*q = 8, 3*w - 2*q = 9 + 11. What is the greatest common factor of w and 6?
6
Suppose 2*g - 6*g + 4*q = -28, 0 = 2*q - 2. What is the highest common factor of 4 and g?
4
Let i = 32 + -16. What is the greatest common divisor of i and 48?
16
Let r(m) = 7*m - 7*m + 5*m**2 + 11*m - 6 - 6*m**2. Let u(v) = v**3 - 3*v + 2. Let c be u(2). Let l be r(c). What is the highest common divisor of 11 and l?
11
Let s be 96/(3*(-1)/(-3)). What is the greatest common divisor of 24 and s?
24
Let x(u) = u**3 - 4*u**2 + u + 1. Let f be x(4). Let y = -33 + 43. Calculate the highest common factor of y and f.
5
Suppose -5*j + 429 = -2*j. Calculate the greatest common factor of j and 13.
13
Suppose 4*j + 12 = 0, -2*d + 2*j = 3*d - 2391. Calculate the greatest common factor of 53 and d.
53
Let m(a) = a**3 - 7*a**2 - 7*a + 5. Let x be m(8). Suppose 4*p - 68 = -4*t, 5*t - 7*t = -p + 5. Calculate the highest common factor of p and x.
13
Let m be (2/5)/(1/30). Let u(c) be the third derivative of -11*c**4/24 + 5*c**3/6 + c**2. Let o be u(-5). What is the highest common divisor of o and m?
12
Suppose -12*w - 945 = -17*w. Calculate the highest common divisor of 21 and w.
21
Let m be (-3)/(-1)*70/21. Let n = 2 + m. What is the highest common factor of n and 84?
12
Let a = -100 - -172. Calculate the greatest common factor of 48 and a.
24
Suppose -s + o + 0 = -2, -o = 5*s - 28. Let b be 2/6 + 3/(-9). Suppose 4*q + 10 = 5*v - 127, -3*q - 9 = b. Calculate the greatest common divisor of v and s.
5
Let o(t) = -t**3 + 17*t**2 - 14*t - 16. Let i be o(16). Calculate the highest common divisor of 24 and i.
8
Suppose 4*m = 3*d - 656, 3*m + m + 432 = 2*d. Calculate the highest common divisor of 32 and d.
32
Suppose -21 = -16*w + 9*w. Calculate the highest common divisor of 72 and w.
3
Suppose -2*r + 4*h + 68 = 0, -r + 126 = 2*r + 2*h. What is the greatest common factor of r and 280?
40
Suppose 3*f + 0 = 18. Suppose -f = -0*i + 3*i. Let q = 3 - i. What is the greatest common divisor of 55 and q?
5
Suppose -2*y = -0*y - 8. Let v(o) = -o**3 + 5*o**2 - 5*o + 4. Let m be v(y). Let d be m + 31 + 3/3. Calculate the highest common divisor of d and 48.
16
Let y(i) = i**3 + i**2 - 2*i - 4. Let p be y(3). Let a = 155 - 103. What is the highest common divisor of a and p?
26
Let m(q) = 13*q. Let k(v) = 3*v. Let c(j) = -18*k(j) + 4*m(j). Let b be c(-6). Calculate the greatest common factor of 3 and b.
3
Let j be -5 + 7 - (9 + 0). Let z be 2/j - (-426)/21. Suppose 0*p - 3*t = 3*p - 135, 0 = -t - 5. What is the greatest common divisor of p and z?
10
Let g be -2 + 3 + 1/1. Suppose -z + 3*a - g = -0*z, a - 3 = 0. Let j(f) = -f**2 - 15*f + 2. Let i be j(-9). Calculate the highest common divisor of z and i.
7
Suppose 6*z = 5*z - n - 5, 5*n = -z - 21. Let d be (18 - z) + -8 + 4. Let y be (-2)/(-6) - 58/(-6). What is the greatest common factor of y and d?
5
Let r be (-12)/24 + 29/2. Let z = 2 + 16. Let i = -11 + z. What is the greatest common divisor of r and i?
7
Let d(f) = -f**2 + 10*f + 3. Let r be d(10). What is the highest common divisor of r and 2?
1
Let f = 56 + -34. Calculate the greatest common factor of 88 and f.
22
Let b be 11 + -1 + (-21 - -20). What is the greatest common divisor of 36 and b?
9
Let w be 1*108*16/6. Let h = -44 - -76. What is the highest common factor of w and h?
32
Let p = 6 - 7. Let d be p/(-1)*(15 + 4). Suppose n = 3*c - 5*c + 41, -3*c - 5*n + 72 = 0. What is the highest common divisor of d and c?
19
Suppose -2*j = -4*g - 798, j + 4*j - 2003 = 2*g. Let m = -265 + j. Calculate the highest common divisor of 17 and m.
17
Let h be ((-6)/4)/(((-1)/(-10))/(-1)). What is the highest common factor of h and 135?
15
Suppose 19*t - 105 = 16*t. What is the greatest common divisor of 14 and t?
7
Let p = 48 + -30. Let o be -1*5/2*-2. Suppose o*b = 165 + 105. What is the highest common factor of p and b?
18
Suppose -x - 35 = -4*g + 2*x, -3*g + 3*x = -30. Suppose -2*y + 17 = 5*a, -y = 2*y - g*a - 38. What is the highest common divisor of y and 44?
11
Suppose -2*w + 116 = 20. What is the highest common divisor of w and 6?
6
Let u(d) = -16*d - 1. Let x be u(-5). Let j be x/7 + 16/(-56). What is the greatest common factor of j and 121?
11
Suppose -2*b + 2 = -2*q, 0 = -2*q - 2*q + 3*b. What is the highest common divisor of 3 and q?
3
Let y(r) = -r**3 - 6*r**2 + 10*r + 3. Let p be y(-7). Let c = -8 - p. Calculate the highest common factor of c and 70.
10
Let t(y) = 2*y**2 + 17*y - 9. Let d be t(-18). What is the highest common divisor of d and 37?
37
Let a(c) = 2*c**2 + 6. Let k be a(-5). Let z = 24 + -17. Calculate the highest common factor of z and k.
7
Let n be (242/2)/(1 + 0). Suppose -k - k = 5*w - 47, -3*k - 2*w + 43 = 0. What is the greatest common divisor of k and n?
11
Let u = -61 - -101. Suppose 1 - 7 = 2*f, 4*f + 27 = -5*z. Let w be (-1 + 11)/((-3)/z). Calculate the greatest common divisor of u and w.
10
Let s(v) = -v**3 + v**2 + 12 + 0*v + 2*v**3 - v. Let z be s(0). Calculate the highest common factor of 4 and z.
4
Suppose 0 = -0*p + 2*p. Suppose -i + 28 + 42 = p. Calculate the highest common factor of 28 and i.
14
Suppose 4*s + 30 - 110 = 0. Let a(q) = -q**3 + 5*q**2 + 4*q - 2. Let l be a(4). Calculate the greatest common divisor of l and s.
10
Let g = 108 + -67. What is the highest common divisor of g and 328?
41
Let w(i) = -2*i + 12. Let a(x) = -5*x + 36. Let p(y) = 2*a(y) - 7*w(y). Let n be p(8). Calculate the greatest common factor of 10 and n.
10
Let r = -40 - -76. Suppose -2*a - o = 0, -3*a = -2*a + 2*o + 6. Suppose -4*v = -a*f - 4, 3*v = -3*f - v + 24. What is the greatest common factor of f and r?
4
Let p = -91 - -103. What is the greatest common divisor of 276 and p?
12
Let n = -30 - -42. Calculate the greatest common factor of 132 and n.
12
Let t be (-8)/(-10) + (-222)/(-10). Calculate the greatest common divisor of 253 and t.
23
Suppose c + 264 = 4*c. Calculate the greatest common divisor of 8 and c.
8
Let n be (98/35)/(4/50). Suppose -5*g + 4*l + 54 = 0, 0*g - 2*l = 3*g - 50. What is the highest common factor of g and n?
7
Let v(h) = -2*h**3 - 2*h**2 + 2*h + 2. Let w be (-2)/12 - (-2)/12. Let x = -2 - w. Let d be v(x). Calculate the highest common divisor of 42 and d.
6
Let w be (5/15)/((-2)/(-528)). Calculate the highest common factor of 22 and w.
22
Suppose 4*z = -b - 1 - 4, z = -2. Suppose b*r + 1 = 4. Let v(j) = 45*j. Let w be v(r). What is the greatest common divisor of w and 18?
9
Let m(k) = k + 45. Let r be m(0). Calculate the highest common divisor of 18 and r.
9
Suppose -54 = -9*h + 3*h. Suppose -4*s + 20 = 2*p - 6, -3*p + 23 = -2*s. Calculate the highest common factor of h and p.
9
Suppose -3*r = -5*d - 24, 4*r = -2*d + 3*d - 2. Let i = -3 - d. Let q(j) = 11*j**3 + j**2. Let s be q(1). Calculate the greatest common factor of i and s.
3
Let a = -4 - -6. Let n = 4 - a. Let m be 5*(n + 0 - 1). Calculate the greatest common divisor of 15 and m.
5
Let v(m) = 25*m + 2. Let a be v(1). What is the highest common divisor of 9 and a?
9
Let b be 4/26 - (-74)/26. Calculate the greatest common divisor of 2 and b.
1
Suppose 0 = -5*p - 0 + 10. Suppose -p*z + 66